{"id":28,"date":"2026-03-16T20:10:32","date_gmt":"2026-03-16T20:10:32","guid":{"rendered":"https:\/\/fete.ecoledecroly.be\/?page_id=28"},"modified":"2026-04-26T10:44:01","modified_gmt":"2026-04-26T10:44:01","slug":"home","status":"publish","type":"page","link":"https:\/\/fete.ecoledecroly.be\/","title":{"rendered":"Accueil"},"content":{"rendered":"\t\t<div data-elementor-type=\"wp-page\" data-elementor-id=\"28\" class=\"elementor elementor-28\">\n\t\t\t\t<div class=\"elementor-element elementor-element-5f8696a8 e-flex e-con-boxed e-con e-parent\" data-id=\"5f8696a8\" data-element_type=\"container\" data-e-type=\"container\">\n\t\t\t\t\t<div class=\"e-con-inner\">\n\t\t\t\t<div class=\"elementor-element elementor-element-dcc6404 elementor-widget elementor-widget-text-editor\" data-id=\"dcc6404\" data-element_type=\"widget\" data-e-type=\"widget\" data-widget_type=\"text-editor.default\">\n\t\t\t\t\t\t\t\t\t\n<div class=\"wp-block-cover has-parallax has-palette-color-8-color has-text-color has-link-color wp-elements-c2d65960ee80656e8878b840ddff8cbf\">\n<div class=\"wp-block-cover__image-background wp-image-40 size-large has-parallax\" style=\"background-position: 50% 50%; background-image: url('https:\/\/fete.ecoledecroly.be\/wp-content\/uploads\/2026\/03\/FDC26-Header-Affiche-1024x640.png');\">\u00a0<\/div>\n<div class=\"wp-block-cover__inner-container is-layout-constrained wp-block-cover-is-layout-constrained\">\n<p class=\"has-text-align-center has-x-large-font-size\"><strong>Minicroly, le monde minuscule<\/strong><\/p>\n<\/div>\n<\/div>\n\n<div class=\"wp-block-media-text is-stacked-on-mobile\">\n<figure class=\"wp-block-media-text__media\"><img fetchpriority=\"high\" decoding=\"async\" width=\"724\" height=\"1024\" class=\"wp-image-48 size-full\" src=\"https:\/\/fete.ecoledecroly.be\/wp-content\/uploads\/2026\/03\/Affiche-web-724x1024.png\" alt=\"\" srcset=\"https:\/\/fete.ecoledecroly.be\/wp-content\/uploads\/2026\/03\/Affiche-web-724x1024.png 724w, https:\/\/fete.ecoledecroly.be\/wp-content\/uploads\/2026\/03\/Affiche-web-212x300.png 212w, https:\/\/fete.ecoledecroly.be\/wp-content\/uploads\/2026\/03\/Affiche-web-768x1086.png 768w, https:\/\/fete.ecoledecroly.be\/wp-content\/uploads\/2026\/03\/Affiche-web.png 842w\" sizes=\"(max-width: 724px) 100vw, 724px\" \/><\/figure>\n<div class=\"wp-block-media-text__content\">\n<p>\ud83c\udf3f <strong>Et si nous regardions le monde d\u2019un peu plus pr\u00e8s\u2026<\/strong><\/p>\n\n<p>Sous les feuilles, entre les racines, au c\u0153ur de l\u2019herbe, existe un univers discret et fascinant : <strong>le monde minuscule<\/strong>. Un monde rempli de vie, de d\u00e9couvertes et de magie.<\/p>\n\n<p>Cette ann\u00e9e, la f\u00eate de l\u2019\u00e9cole vous invite \u00e0 explorer cet univers les <strong>6 et 7 juin<\/strong>.<\/p>\n\n<p>Depuis plusieurs semaines, <strong>les enfants, les enseignants et les membres du comit\u00e9<\/strong> imaginent, construisent et pr\u00e9parent une nouvelle f\u00eate pleine de surprises. Petit \u00e0 petit, ce monde prend forme\u2026<\/p>\n\n<p>\ud83d\udc1e <strong>Notez d\u00e9j\u00e0 la date dans vos agendas !<\/strong><\/p>\n\n<p>Pour que cette aventure prenne vraiment vie, <strong>nous aurons aussi besoin de l\u2019aide des parents le jour de la f\u00eate<\/strong>. Quelques minutes, une heure ou plus : chaque petit geste compte.<\/p>\n\n<p>\u2728 <strong>Gardez un \u0153il sur le site :<\/strong> les informations et les fa\u00e7ons de participer arriveront tr\u00e8s bient\u00f4t.<\/p>\n<\/div>\n<\/div>\n\n<p>\u00a0<\/p>\n\t\t\t\t\t\t\t\t<\/div>\n\t\t\t\t\t<\/div>\n\t\t\t\t<\/div>\n\t\t<div class=\"elementor-element elementor-element-1034834 e-flex e-con-boxed e-con e-parent\" data-id=\"1034834\" data-element_type=\"container\" data-e-type=\"container\">\n\t\t\t\t\t<div class=\"e-con-inner\">\n\t\t<div class=\"elementor-element elementor-element-62b0e36 e-con-full e-flex e-con e-child\" data-id=\"62b0e36\" data-element_type=\"container\" data-e-type=\"container\">\n\t\t\t\t<div class=\"elementor-element elementor-element-e118907 elementor-widget__width-initial elementor-widget elementor-widget-image\" data-id=\"e118907\" data-element_type=\"widget\" data-e-type=\"widget\" data-widget_type=\"image.default\">\n\t\t\t\t\t\t\t\t\t\t\t\t\t\t\t<img decoding=\"async\" width=\"905\" height=\"1280\" src=\"https:\/\/fete.ecoledecroly.be\/wp-content\/uploads\/2026\/04\/Affiche-Bing-Bang-2026_01.jpeg\" class=\"attachment-1536x1536 size-1536x1536 wp-image-106\" alt=\"\" srcset=\"https:\/\/fete.ecoledecroly.be\/wp-content\/uploads\/2026\/04\/Affiche-Bing-Bang-2026_01.jpeg 905w, https:\/\/fete.ecoledecroly.be\/wp-content\/uploads\/2026\/04\/Affiche-Bing-Bang-2026_01-212x300.jpeg 212w, https:\/\/fete.ecoledecroly.be\/wp-content\/uploads\/2026\/04\/Affiche-Bing-Bang-2026_01-724x1024.jpeg 724w, https:\/\/fete.ecoledecroly.be\/wp-content\/uploads\/2026\/04\/Affiche-Bing-Bang-2026_01-768x1086.jpeg 768w\" sizes=\"(max-width: 905px) 100vw, 905px\" \/>\t\t\t\t\t\t\t\t\t\t\t\t\t\t\t<\/div>\n\t\t\t\t<div class=\"elementor-element elementor-element-d1b032f elementor-widget elementor-widget-text-editor\" data-id=\"d1b032f\" data-element_type=\"widget\" data-e-type=\"widget\" data-widget_type=\"text-editor.default\">\n\t\t\t\t\t\t\t\t\t<p>\ud83c\udfa4 <strong data-start=\"1361\" data-end=\"1383\">Bing Bang Festival<\/strong><br data-start=\"1383\" data-end=\"1386\" \/>Une sc\u00e8ne ouverte pour tous les talents, petits et grands.<br data-start=\"1444\" data-end=\"1447\" \/>\ud83d\udc49 Inscris-toi et viens performer !<\/p>\t\t\t\t\t\t\t\t<\/div>\n\t\t\t\t<div class=\"elementor-element elementor-element-a70fccc elementor-align-center elementor-widget elementor-widget-button\" data-id=\"a70fccc\" data-element_type=\"widget\" data-e-type=\"widget\" data-widget_type=\"button.default\">\n\t\t\t\t\t\t\t\t\t\t<a class=\"elementor-button elementor-button-link elementor-size-sm\" href=\"https:\/\/fete.ecoledecroly.be\/index.php\/bing-bang-festival\/\">\n\t\t\t\t\t\t<span class=\"elementor-button-content-wrapper\">\n\t\t\t\t\t\t\t\t\t<span class=\"elementor-button-text\">Inscris-toi<\/span>\n\t\t\t\t\t<\/span>\n\t\t\t\t\t<\/a>\n\t\t\t\t\t\t\t\t<\/div>\n\t\t\t\t<\/div>\n\t\t<div class=\"elementor-element elementor-element-fa061ae e-con-full e-flex e-con e-child\" data-id=\"fa061ae\" data-element_type=\"container\" data-e-type=\"container\">\n\t\t\t\t<div class=\"elementor-element elementor-element-a9ab81b elementor-widget__width-initial elementor-widget elementor-widget-image\" data-id=\"a9ab81b\" data-element_type=\"widget\" data-e-type=\"widget\" data-widget_type=\"image.default\">\n\t\t\t\t\t\t\t\t\t\t\t\t\t\t\t<img decoding=\"async\" width=\"1157\" height=\"1536\" src=\"https:\/\/fete.ecoledecroly.be\/wp-content\/uploads\/2026\/04\/Foot-1157x1536.jpeg\" class=\"attachment-1536x1536 size-1536x1536 wp-image-64\" alt=\"\" srcset=\"https:\/\/fete.ecoledecroly.be\/wp-content\/uploads\/2026\/04\/Foot-1157x1536.jpeg 1157w, https:\/\/fete.ecoledecroly.be\/wp-content\/uploads\/2026\/04\/Foot-226x300.jpeg 226w, https:\/\/fete.ecoledecroly.be\/wp-content\/uploads\/2026\/04\/Foot-771x1024.jpeg 771w, https:\/\/fete.ecoledecroly.be\/wp-content\/uploads\/2026\/04\/Foot-768x1020.jpeg 768w, https:\/\/fete.ecoledecroly.be\/wp-content\/uploads\/2026\/04\/Foot-1543x2048.jpeg 1543w, https:\/\/fete.ecoledecroly.be\/wp-content\/uploads\/2026\/04\/Foot-scaled.jpeg 1928w\" sizes=\"(max-width: 1157px) 100vw, 1157px\" \/>\t\t\t\t\t\t\t\t\t\t\t\t\t\t\t<\/div>\n\t\t\t\t<div class=\"elementor-element elementor-element-54d3dad elementor-widget elementor-widget-text-editor\" data-id=\"54d3dad\" data-element_type=\"widget\" data-e-type=\"widget\" data-widget_type=\"text-editor.default\">\n\t\t\t\t\t\t\t\t\t<p data-start=\"62\" data-end=\"146\">\u26bd <strong data-start=\"64\" data-end=\"83\">Tournoi de Foot<\/strong><br data-start=\"83\" data-end=\"86\" \/>Une matin\u00e9e sportive pour jouer, s\u2019amuser et faire \u00e9quipe.<\/p>\n<p data-start=\"62\" data-end=\"146\">\ud83d\udc49 Inscris ton enfant et entre sur le terrain<\/p>\t\t\t\t\t\t\t\t<\/div>\n\t\t\t\t<div class=\"elementor-element elementor-element-24192ad elementor-align-center elementor-widget elementor-widget-button\" data-id=\"24192ad\" data-element_type=\"widget\" data-e-type=\"widget\" data-widget_type=\"button.default\">\n\t\t\t\t\t\t\t\t\t\t<a class=\"elementor-button elementor-button-link elementor-size-sm\" href=\"https:\/\/fete.ecoledecroly.be\/index.php\/tournoi-de-foot\/\">\n\t\t\t\t\t\t<span class=\"elementor-button-content-wrapper\">\n\t\t\t\t\t\t\t\t\t<span class=\"elementor-button-text\">Inscris-toi<\/span>\n\t\t\t\t\t<\/span>\n\t\t\t\t\t<\/a>\n\t\t\t\t\t\t\t\t<\/div>\n\t\t\t\t<\/div>\n\t\t<div class=\"elementor-element elementor-element-e16797e e-con-full e-flex e-con e-child\" data-id=\"e16797e\" data-element_type=\"container\" data-e-type=\"container\">\n\t\t\t\t<div class=\"elementor-element elementor-element-f931a1a elementor-widget__width-initial elementor-widget elementor-widget-image\" data-id=\"f931a1a\" data-element_type=\"widget\" data-e-type=\"widget\" data-widget_type=\"image.default\">\n\t\t\t\t\t\t\t\t\t\t\t\t\t\t\t<img loading=\"lazy\" decoding=\"async\" width=\"446\" height=\"664\" src=\"https:\/\/fete.ecoledecroly.be\/wp-content\/uploads\/2026\/04\/Capture-decran-2026-04-14-213228.png\" class=\"attachment-large size-large wp-image-85\" alt=\"\" srcset=\"https:\/\/fete.ecoledecroly.be\/wp-content\/uploads\/2026\/04\/Capture-decran-2026-04-14-213228.png 446w, https:\/\/fete.ecoledecroly.be\/wp-content\/uploads\/2026\/04\/Capture-decran-2026-04-14-213228-202x300.png 202w\" sizes=\"(max-width: 446px) 100vw, 446px\" \/>\t\t\t\t\t\t\t\t\t\t\t\t\t\t\t<\/div>\n\t\t\t\t<div class=\"elementor-element elementor-element-acd37e2 elementor-widget elementor-widget-text-editor\" data-id=\"acd37e2\" data-element_type=\"widget\" data-e-type=\"widget\" data-widget_type=\"text-editor.default\">\n\t\t\t\t\t\t\t\t\t<p data-start=\"81\" data-end=\"168\">\ud83e\udd1d <strong data-start=\"84\" data-end=\"96\">Sponsors<\/strong><br data-start=\"96\" data-end=\"99\" \/>Soutenez la f\u00eate et contribuez \u00e0 des projets concrets pour l\u2019\u00e9cole.<\/p>\n<p data-start=\"81\" data-end=\"168\">\ud83d\udc49 Participez \u00e0 l\u2019aventure<\/p>\t\t\t\t\t\t\t\t<\/div>\n\t\t\t\t<div class=\"elementor-element elementor-element-2a64056 elementor-align-center elementor-widget elementor-widget-button\" data-id=\"2a64056\" data-element_type=\"widget\" data-e-type=\"widget\" data-widget_type=\"button.default\">\n\t\t\t\t\t\t\t\t\t\t<a class=\"elementor-button elementor-button-link elementor-size-sm\" href=\"https:\/\/fete.ecoledecroly.be\/index.php\/sponsors\/\">\n\t\t\t\t\t\t<span class=\"elementor-button-content-wrapper\">\n\t\t\t\t\t\t\t\t\t<span class=\"elementor-button-text\">Je soutiens<\/span>\n\t\t\t\t\t<\/span>\n\t\t\t\t\t<\/a>\n\t\t\t\t\t\t\t\t<\/div>\n\t\t\t\t<\/div>\n\t\t\t\t\t<\/div>\n\t\t\t\t<\/div>\n\t\t\t\t<\/div>\n\t\t","protected":false},"excerpt":{"rendered":"<p>\ud83c\udf3f Et si nous regardions le monde d\u2019un peu plus pr\u00e8s\u2026 Sous les feuilles, entre les racines, au c\u0153ur de l\u2019herbe, existe un univers discret et fascinant : le monde minuscule. Un monde rempli de vie, de d\u00e9couvertes et de magie. Cette ann\u00e9e, la f\u00eate de l\u2019\u00e9cole vous invite \u00e0 explorer cet univers les 6 [&hellip;]<\/p>\n","protected":false},"author":1,"featured_media":0,"parent":0,"menu_order":0,"comment_status":"closed","ping_status":"closed","template":"","meta":{"footnotes":""},"class_list":["post-28","page","type-page","status-publish","hentry"],"blocksy_meta":{"page_structure_type":"type-4","has_hero_section":"default","hero_elements":[{"id":"custom_title","enabled":true,"heading_tag":"h1","title":"Accueil","__id":"8bBlnol7YXhnya8aqwmMW"},{"id":"custom_description","enabled":true,"description_visibility":{"desktop":true,"tablet":true,"mobile":false},"__id":"-zpdrY6Kne5SJOR67BEt9"},{"id":"custom_meta","enabled":false,"meta_elements":[{"id":"author","enabled":true,"label":"Par","has_author_avatar":"yes","avatar_size":25},{"id":"post_date","enabled":true,"label":"Le","date_format_source":"default","date_format":"M j, Y"},{"id":"updated_date","enabled":false,"label":"Le","date_format_source":"default","date_format":"M j, Y"},{"id":"categories","enabled":false,"label":"Dans","style":"simple"},{"id":"comments","enabled":true}],"page_meta_elements":{"joined":true,"articles_count":true,"comments":true},"__id":"zsRtxBh4jVtN7eQrrgb22"},{"id":"breadcrumbs","enabled":false,"__id":"Ih8quuLVoQxOwZ_O3yEkE"}],"hero_section":"type-1","hero_structure":"normal","pageTitleFont":{"family":"Default","variation":"Default","size":"76px","line-height":"CT_CSS_SKIP_RULE","letter-spacing":"CT_CSS_SKIP_RULE","text-transform":"CT_CSS_SKIP_RULE","text-decoration":"CT_CSS_SKIP_RULE"},"styles_descriptor":{"styles":{"desktop":"","tablet":"","mobile":""},"google_fonts":[],"version":6}},"_links":{"self":[{"href":"https:\/\/fete.ecoledecroly.be\/index.php\/wp-json\/wp\/v2\/pages\/28","targetHints":{"allow":["GET"]}}],"collection":[{"href":"https:\/\/fete.ecoledecroly.be\/index.php\/wp-json\/wp\/v2\/pages"}],"about":[{"href":"https:\/\/fete.ecoledecroly.be\/index.php\/wp-json\/wp\/v2\/types\/page"}],"author":[{"embeddable":true,"href":"https:\/\/fete.ecoledecroly.be\/index.php\/wp-json\/wp\/v2\/users\/1"}],"replies":[{"embeddable":true,"href":"https:\/\/fete.ecoledecroly.be\/index.php\/wp-json\/wp\/v2\/comments?post=28"}],"version-history":[{"count":13,"href":"https:\/\/fete.ecoledecroly.be\/index.php\/wp-json\/wp\/v2\/pages\/28\/revisions"}],"predecessor-version":[{"id":127,"href":"https:\/\/fete.ecoledecroly.be\/index.php\/wp-json\/wp\/v2\/pages\/28\/revisions\/127"}],"wp:attachment":[{"href":"https:\/\/fete.ecoledecroly.be\/index.php\/wp-json\/wp\/v2\/media?parent=28"}],"curies":[{"name":"wp","href":"https:\/\/api.w.org\/{rel}","templated":true}]}}

<div data-elementor-type="wp-page" data-elementor-id="28" class="elementor elementor-28">
				<div class="elementor-element elementor-element-5f8696a8 e-flex e-con-boxed e-con e-parent" data-id="5f8696a8" data-element_type="container" data-e-type="container">
					<div class="e-con-inner">
				<div class="elementor-element elementor-element-dcc6404 elementor-widget elementor-widget-text-editor" data-id="dcc6404" data-element_type="widget" data-e-type="widget" data-widget_type="text-editor.default">
									
<div class="wp-block-cover has-parallax has-palette-color-8-color has-text-color has-link-color wp-elements-c2d65960ee80656e8878b840ddff8cbf">
<div class="wp-block-cover__image-background wp-image-40 size-large has-parallax" style="background-position: 50% 50%; background-image: url('https://fete.ecoledecroly.be/wp-content/uploads/2026/03/FDC26-Header-Affiche-1024x640.png');"> </div>
<div class="wp-block-cover__inner-container is-layout-constrained wp-block-cover-is-layout-constrained">
<p class="has-text-align-center has-x-large-font-size"><strong>Minicroly, le monde minuscule</strong></p>
</div>
</div>

<div class="wp-block-media-text is-stacked-on-mobile">
<figure class="wp-block-media-text__media"><img fetchpriority="high" decoding="async" width="724" height="1024" class="wp-image-48 size-full" src="https://fete.ecoledecroly.be/wp-content/uploads/2026/03/Affiche-web-724x1024.png" alt="" srcset="https://fete.ecoledecroly.be/wp-content/uploads/2026/03/Affiche-web-724x1024.png 724w, https://fete.ecoledecroly.be/wp-content/uploads/2026/03/Affiche-web-212x300.png 212w, https://fete.ecoledecroly.be/wp-content/uploads/2026/03/Affiche-web-768x1086.png 768w, https://fete.ecoledecroly.be/wp-content/uploads/2026/03/Affiche-web.png 842w" sizes="(max-width: 724px) 100vw, 724px" /></figure>
<div class="wp-block-media-text__content">
<p>🌿 <strong>Et si nous regardions le monde d’un peu plus près…</strong></p>

<p>Sous les feuilles, entre les racines, au cœur de l’herbe, existe un univers discret et fascinant : <strong>le monde minuscule</strong>. Un monde rempli de vie, de découvertes et de magie.</p>

<p>Cette année, la fête de l’école vous invite à explorer cet univers les <strong>6 et 7 juin</strong>.</p>

<p>Depuis plusieurs semaines, <strong>les enfants, les enseignants et les membres du comité</strong> imaginent, construisent et préparent une nouvelle fête pleine de surprises. Petit à petit, ce monde prend forme…</p>

<p>🐞 <strong>Notez déjà la date dans vos agendas !</strong></p>

<p>Pour que cette aventure prenne vraiment vie, <strong>nous aurons aussi besoin de l’aide des parents le jour de la fête</strong>. Quelques minutes, une heure ou plus : chaque petit geste compte.</p>

<p>✨ <strong>Gardez un œil sur le site :</strong> les informations et les façons de participer arriveront très bientôt.</p>
</div>
</div>

<p> </p>
								</div>
					</div>
				</div>
		<div class="elementor-element elementor-element-1034834 e-flex e-con-boxed e-con e-parent" data-id="1034834" data-element_type="container" data-e-type="container">
					<div class="e-con-inner">
		<div class="elementor-element elementor-element-62b0e36 e-con-full e-flex e-con e-child" data-id="62b0e36" data-element_type="container" data-e-type="container">
				<div class="elementor-element elementor-element-e118907 elementor-widget__width-initial elementor-widget elementor-widget-image" data-id="e118907" data-element_type="widget" data-e-type="widget" data-widget_type="image.default">
															<img decoding="async" width="905" height="1280" src="https://fete.ecoledecroly.be/wp-content/uploads/2026/04/Affiche-Bing-Bang-2026_01.jpeg" class="attachment-1536x1536 size-1536x1536 wp-image-106" alt="" srcset="https://fete.ecoledecroly.be/wp-content/uploads/2026/04/Affiche-Bing-Bang-2026_01.jpeg 905w, https://fete.ecoledecroly.be/wp-content/uploads/2026/04/Affiche-Bing-Bang-2026_01-212x300.jpeg 212w, https://fete.ecoledecroly.be/wp-content/uploads/2026/04/Affiche-Bing-Bang-2026_01-724x1024.jpeg 724w, https://fete.ecoledecroly.be/wp-content/uploads/2026/04/Affiche-Bing-Bang-2026_01-768x1086.jpeg 768w" sizes="(max-width: 905px) 100vw, 905px" />															</div>
				<div class="elementor-element elementor-element-d1b032f elementor-widget elementor-widget-text-editor" data-id="d1b032f" data-element_type="widget" data-e-type="widget" data-widget_type="text-editor.default">
									<p>🎤 <strong data-start="1361" data-end="1383">Bing Bang Festival</strong><br data-start="1383" data-end="1386" />Une scène ouverte pour tous les talents, petits et grands.<br data-start="1444" data-end="1447" />👉 Inscris-toi et viens performer !</p>								</div>
				<div class="elementor-element elementor-element-a70fccc elementor-align-center elementor-widget elementor-widget-button" data-id="a70fccc" data-element_type="widget" data-e-type="widget" data-widget_type="button.default">
										<a class="elementor-button elementor-button-link elementor-size-sm" href="https://fete.ecoledecroly.be/index.php/bing-bang-festival/">
						<span class="elementor-button-content-wrapper">
									<span class="elementor-button-text">Inscris-toi</span>
					</span>
					</a>
								</div>
				</div>
		<div class="elementor-element elementor-element-fa061ae e-con-full e-flex e-con e-child" data-id="fa061ae" data-element_type="container" data-e-type="container">
				<div class="elementor-element elementor-element-a9ab81b elementor-widget__width-initial elementor-widget elementor-widget-image" data-id="a9ab81b" data-element_type="widget" data-e-type="widget" data-widget_type="image.default">
															<img decoding="async" width="1157" height="1536" src="https://fete.ecoledecroly.be/wp-content/uploads/2026/04/Foot-1157x1536.jpeg" class="attachment-1536x1536 size-1536x1536 wp-image-64" alt="" srcset="https://fete.ecoledecroly.be/wp-content/uploads/2026/04/Foot-1157x1536.jpeg 1157w, https://fete.ecoledecroly.be/wp-content/uploads/2026/04/Foot-226x300.jpeg 226w, https://fete.ecoledecroly.be/wp-content/uploads/2026/04/Foot-771x1024.jpeg 771w, https://fete.ecoledecroly.be/wp-content/uploads/2026/04/Foot-768x1020.jpeg 768w, https://fete.ecoledecroly.be/wp-content/uploads/2026/04/Foot-1543x2048.jpeg 1543w, https://fete.ecoledecroly.be/wp-content/uploads/2026/04/Foot-scaled.jpeg 1928w" sizes="(max-width: 1157px) 100vw, 1157px" />															</div>
				<div class="elementor-element elementor-element-54d3dad elementor-widget elementor-widget-text-editor" data-id="54d3dad" data-element_type="widget" data-e-type="widget" data-widget_type="text-editor.default">
									<p data-start="62" data-end="146">⚽ <strong data-start="64" data-end="83">Tournoi de Foot</strong><br data-start="83" data-end="86" />Une matinée sportive pour jouer, s’amuser et faire équipe.</p>
<p data-start="62" data-end="146">👉 Inscris ton enfant et entre sur le terrain</p>								</div>
				<div class="elementor-element elementor-element-24192ad elementor-align-center elementor-widget elementor-widget-button" data-id="24192ad" data-element_type="widget" data-e-type="widget" data-widget_type="button.default">
										<a class="elementor-button elementor-button-link elementor-size-sm" href="https://fete.ecoledecroly.be/index.php/tournoi-de-foot/">
						<span class="elementor-button-content-wrapper">
									<span class="elementor-button-text">Inscris-toi</span>
					</span>
					</a>
								</div>
				</div>
		<div class="elementor-element elementor-element-e16797e e-con-full e-flex e-con e-child" data-id="e16797e" data-element_type="container" data-e-type="container">
				<div class="elementor-element elementor-element-f931a1a elementor-widget__width-initial elementor-widget elementor-widget-image" data-id="f931a1a" data-element_type="widget" data-e-type="widget" data-widget_type="image.default">
															<img loading="lazy" decoding="async" width="446" height="664" src="https://fete.ecoledecroly.be/wp-content/uploads/2026/04/Capture-decran-2026-04-14-213228.png" class="attachment-large size-large wp-image-85" alt="" srcset="https://fete.ecoledecroly.be/wp-content/uploads/2026/04/Capture-decran-2026-04-14-213228.png 446w, https://fete.ecoledecroly.be/wp-content/uploads/2026/04/Capture-decran-2026-04-14-213228-202x300.png 202w" sizes="(max-width: 446px) 100vw, 446px" />															</div>
				<div class="elementor-element elementor-element-acd37e2 elementor-widget elementor-widget-text-editor" data-id="acd37e2" data-element_type="widget" data-e-type="widget" data-widget_type="text-editor.default">
									<p data-start="81" data-end="168">🤝 <strong data-start="84" data-end="96">Sponsors</strong><br data-start="96" data-end="99" />Soutenez la fête et contribuez à des projets concrets pour l’école.</p>
<p data-start="81" data-end="168">👉 Participez à l’aventure</p>								</div>
				<div class="elementor-element elementor-element-2a64056 elementor-align-center elementor-widget elementor-widget-button" data-id="2a64056" data-element_type="widget" data-e-type="widget" data-widget_type="button.default">
										<a class="elementor-button elementor-button-link elementor-size-sm" href="https://fete.ecoledecroly.be/index.php/sponsors/">
						<span class="elementor-button-content-wrapper">
									<span class="elementor-button-text">Je soutiens</span>
					</span>
					</a>
								</div>
				</div>
					</div>
				</div>
				</div>

<p>🌿 Et si nous regardions le monde d’un peu plus près… Sous les feuilles, entre les racines, au cœur de l’herbe, existe un univers discret et fascinant : le monde minuscule. Un monde rempli de vie, de découvertes et de magie. Cette année, la fête de l’école vous invite à explorer cet univers les 6 [&hellip;]</p>
